{"id":216,"date":"2025-06-06T11:21:08","date_gmt":"2025-06-06T11:21:08","guid":{"rendered":"https:\/\/meldgaard-foto.dk\/?page_id=216"},"modified":"2025-06-06T12:08:00","modified_gmt":"2025-06-06T12:08:00","slug":"skoenne-mennesker","status":"publish","type":"page","link":"https:\/\/meldgaard-foto.dk\/index.php\/skoenne-mennesker\/","title":{"rendered":"Sk\u00f8nne mennesker."},"content":{"rendered":"\n<figure class=\"wp-block-image aligncenter size-full\"><img loading=\"lazy\" decoding=\"async\" width=\"962\" height=\"642\" src=\"https:\/\/meldgaard-foto.dk\/wp-content\/uploads\/2025\/06\/mariamartin.jpg\" alt=\"\" class=\"wp-image-220\" style=\"box-shadow:var(--wp--preset--shadow--natural)\" srcset=\"https:\/\/meldgaard-foto.dk\/wp-content\/uploads\/2025\/06\/mariamartin.jpg 962w, https:\/\/meldgaard-foto.dk\/wp-content\/uploads\/2025\/06\/mariamartin-300x200.jpg 300w\" sizes=\"auto, (max-width: 962px) 100vw, 962px\" \/><\/figure>\n\n\n\n<p>Det f\u00f8rste billede med sk\u00f8nne mennesker, er fra 2016, taget med det f\u00f8rste Sony kamera.<\/p>\n\n\n\n<figure class=\"wp-block-image aligncenter size-full\"><img loading=\"lazy\" decoding=\"async\" width=\"1502\" height=\"974\" src=\"https:\/\/meldgaard-foto.dk\/wp-content\/uploads\/2025\/06\/oliver.jpg\" alt=\"\" class=\"wp-image-222\" style=\"box-shadow:var(--wp--preset--shadow--natural)\" srcset=\"https:\/\/meldgaard-foto.dk\/wp-content\/uploads\/2025\/06\/oliver.jpg 1502w, https:\/\/meldgaard-foto.dk\/wp-content\/uploads\/2025\/06\/oliver-300x195.jpg 300w, https:\/\/meldgaard-foto.dk\/wp-content\/uploads\/2025\/06\/oliver-1024x664.jpg 1024w\" sizes=\"auto, (max-width: 1502px) 100vw, 1502px\" \/><\/figure>\n\n\n\n<p>En ny udkl\u00e6kket landmand. Her fra 2022. <\/p>\n\n\n\n<figure class=\"wp-block-image aligncenter size-full\"><img loading=\"lazy\" decoding=\"async\" width=\"1502\" height=\"1002\" src=\"https:\/\/meldgaard-foto.dk\/wp-content\/uploads\/2025\/06\/annesofie.jpg\" alt=\"\" class=\"wp-image-228\" style=\"box-shadow:var(--wp--preset--shadow--natural)\" srcset=\"https:\/\/meldgaard-foto.dk\/wp-content\/uploads\/2025\/06\/annesofie.jpg 1502w, https:\/\/meldgaard-foto.dk\/wp-content\/uploads\/2025\/06\/annesofie-300x200.jpg 300w, https:\/\/meldgaard-foto.dk\/wp-content\/uploads\/2025\/06\/annesofie-1024x683.jpg 1024w\" sizes=\"auto, (max-width: 1502px) 100vw, 1502px\" \/><\/figure>\n\n\n\n<p>Annesofie. Student i 2021. <\/p>\n","protected":false},"excerpt":{"rendered":"<p>Det f\u00f8rste billede med sk\u00f8nne mennesker, er fra 2016, taget med det f\u00f8rste Sony kamera. En ny udkl\u00e6kket landmand. Her fra 2022. Annesofie. Student i 2021.<\/p>\n","protected":false},"author":1,"featured_media":0,"parent":0,"menu_order":0,"comment_status":"closed","ping_status":"closed","template":"","meta":{"ngg_post_thumbnail":0,"footnotes":""},"class_list":["post-216","page","type-page","status-publish","hentry"],"_links":{"self":[{"href":"https:\/\/meldgaard-foto.dk\/index.php\/wp-json\/wp\/v2\/pages\/216","targetHints":{"allow":["GET"]}}],"collection":[{"href":"https:\/\/meldgaard-foto.dk\/index.php\/wp-json\/wp\/v2\/pages"}],"about":[{"href":"https:\/\/meldgaard-foto.dk\/index.php\/wp-json\/wp\/v2\/types\/page"}],"author":[{"embeddable":true,"href":"https:\/\/meldgaard-foto.dk\/index.php\/wp-json\/wp\/v2\/users\/1"}],"replies":[{"embeddable":true,"href":"https:\/\/meldgaard-foto.dk\/index.php\/wp-json\/wp\/v2\/comments?post=216"}],"version-history":[{"count":7,"href":"https:\/\/meldgaard-foto.dk\/index.php\/wp-json\/wp\/v2\/pages\/216\/revisions"}],"predecessor-version":[{"id":233,"href":"https:\/\/meldgaard-foto.dk\/index.php\/wp-json\/wp\/v2\/pages\/216\/revisions\/233"}],"wp:attachment":[{"href":"https:\/\/meldgaard-foto.dk\/index.php\/wp-json\/wp\/v2\/media?parent=216"}],"curies":[{"name":"wp","href":"https:\/\/api.w.org\/{rel}","templated":true}]}}